at is the greatest common factor of 68900748 and 1722?
42
Calculate the highest common divisor of 41832162 and 846.
846
Calculate the greatest common factor of 2583 and 19824.
21
What is the highest common divisor of 96 and 17477052?
12
What is the highest common factor of 10193944 and 148?
148
Calculate the greatest common divisor of 7080 and 8531695.
295
Calculate the highest common divisor of 2355392 and 6156.
76
What is the greatest common divisor of 3778525 and 25?
25
Calculate the greatest common factor of 1521 and 3012763.
169
Calculate the greatest common divisor of 996646497 and 1302.
651
Calculate the highest common divisor of 27813 and 173448.
219
Calculate the highest common divisor of 2789380 and 660.
220
Calculate the greatest common divisor of 4172311 and 7007.
143
What is the highest common divisor of 65 and 713973?
13
What is the highest common factor of 6170 and 4920?
10
Calculate the highest common factor of 4829755 and 140.
35
What is the highest common factor of 3186 and 11898?
18
Calculate the greatest common factor of 726 and 32606761.
11
What is the greatest common factor of 9492 and 1902468?
1356
Calculate the greatest common factor of 3258253 and 75151.
223
Calculate the greatest common divisor of 4014108 and 15232.
476
What is the highest common divisor of 788 and 3227057?
197
What is the highest common factor of 12 and 128443998?
6
Calculate the highest common divisor of 52600090 and 70.
10
Calculate the highest common divisor of 10154928 and 231.
21
Calculate the highest common divisor of 5576179 and 427651.
1393
What is the highest common factor of 567 and 310740192?
189
What is the greatest common divisor of 18262546 and 137102?
2798
What is the greatest common factor of 936 and 14952834?
234
What is the highest common factor of 1035814800 and 1200?
1200
What is the greatest common divisor of 2511 and 5216319?
81
Calculate the greatest common divisor of 550 and 28169075.
275
Calculate the greatest common factor of 1533005415 and 45.
45
What is the highest common factor of 52287 and 768679?
601
Calculate the greatest common factor of 140 and 9881970.
70
What is the greatest common divisor of 28659 and 2762681?
233
What is the highest common divisor of 25524790 and 180?
10
What is the greatest common divisor of 186578292 and 2764?
2764
What is the greatest common factor of 4905 and 70761165?
1635
Calculate the greatest common factor of 60 and 52613400.
60
Calculate the highest common factor of 8984196 and 900.
36
What is the highest common factor of 166608 and 5627025?
801
What is the highest common divisor of 2522097666 and 33?
33
What is the greatest common factor of 2842 and 32268474?
406
Calculate the greatest common divisor of 18428 and 964580.
68
What is the highest common factor of 1921 and 950640?
17
Calculate the highest common divisor of 21 and 2153963.
7
Calculate the greatest common divisor of 1446303274 and 26.
26
Calculate the greatest common factor of 63250 and 1585375.
1375
What is the highest common factor of 2874713 and 4537?
349
What is the highest common divisor of 34875408 and 277?
277
What is the highest common factor of 667738 and 3014?
274
What is the greatest common divisor of 36418580 and 91784?
6556
What is the greatest common divisor of 173277670 and 2650?
530
What is the highest common factor of 12282277 and 142411?
2687
What is the greatest common factor of 467978 and 8456?
14
What is the greatest common divisor of 273 and 316533?
21
Calculate the highest common factor of 838355255 and 17085.
5695
What is the highest common factor of 597617 and 41907?
61
Calculate the highest common divisor of 23470 and 204370.
10
Calculate the highest common divisor of 10415625 and 125.
125
What is the greatest common factor of 389950 and 1098350?
550
What is the highest common factor of 624 and 13360880?
208
What is the highest common divisor of 88482060 and 1413?
1413
Calculate the greatest common factor of 53146522 and 15895.
3179
Calculate the highest common divisor of 981640 and 41710.
970
Calculate the greatest common factor of 294 and 117319377.
147
What is the highest common factor of 38310 and 27427406?
2554
Calculate the greatest common divisor of 232562 and 59334.
682
Calculate the greatest common factor of 30609620 and 4020.
1340
Calculate the highest common factor of 9420 and 30452976.
1884
What is the greatest common factor of 215286815 and 285?
95
What is the highest common divisor of 466 and 24873682?
466
What is the greatest common divisor of 80 and 27350320?
80
What is the greatest common divisor of 152 and 11686184?
8
What is the greatest common divisor of 14853502 and 148?
74
Calculate the greatest common divisor of 96 and 7266648.
24
Calculate the highest common factor of 198 and 10565082.
198
What is the greatest common divisor of 101171 and 195041?
1043
What is the greatest common divisor of 158432400 and 900?
900
Calculate the highest common divisor of 25837468 and 4544.
284
What is the highest common divisor of 8207181 and 1474674?
6891
Calculate the greatest common factor of 26487 and 22269899.
109
Calculate the highest common factor of 652995 and 81.
27
What is the highest common divisor of 2141516 and 22620?
52
Calculate the highest common divisor of 225590 and 2620.
10
What is the highest common factor of 741520 and 68848?
208
What is the highest common factor of 8421 and 47439?
21
What is the greatest common factor of 146781 and 2350?
47
Calculate the highest common divisor of 486 and 894078.
162
What is the greatest common divisor of 10262 and 661402?
14
Calculate the greatest common divisor of 19558449 and 306.
153
What is the highest common divisor of 2178 and 14025110?
242
Calculate the highest common divisor of 37340 and 450.
10
Calculate the highest common factor of 187708622 and 74.
74
What is the greatest common factor of 40 and 654607900?
20
Calculate the greatest common divisor of 255 and 19134792.
51
Calculate the greatest common factor of 168943096 and 3248.
1624
Calculate the greatest common factor of 99 and 196262484.
33
Calculate the highest common factor of 222774 and 5778.
642
Calculate the greatest common factor of 2414448 and 4104.
216
Calculate the highest common factor of 2202 and 79874247.
1101
What is the greatest common divisor of 537361 and 946?
11
What is the highest common factor of 7333376 and 24?
8
What is the greatest common factor of 228 and 31456989?
57
Calculate the greatest common factor of 342 and 15599484.
18
Calculate the greatest common factor of 1028056 and 1029257.
1201
Calculate the highest common factor of 29200 and 397200.
400
What is the greatest common divisor of 3002869 and 79?
79
What is the greatest common factor of 431028 and 321122?
614
Calculate the greatest common divisor of 7907060 and 30.
10
What is the highest common divisor of 360 and 2683536?
24
What is the highest common factor of 218 and 485706725?
109
What is the highest common divisor of 217 and 2609270?
31
What is the greatest common factor of 1323920 and 2178540?
4940
What is the greatest common divisor of 15066968 and 449288?
6328
Calculate the greatest common divisor of 2320605 and 58989.
1113
Calculate the greatest common divisor of 1040 and 8378890.
130
Calculate the highest common factor of 816846 and 1506.
6
Calculate the highest common divisor of 978635 and 35.
35
What is the greatest common factor of 574 and 229794914?
82
Calculate the highest common factor of 1362140 and 50220.
620
What is the highest common factor of 2102749 and 817?
19
Calculate the greatest common divisor of 29 and 2651426587.
29
Calculate the greatest common factor of 51 and 6131951.
17
What is the highest common factor of 864 and 1873341?
27
What is the highest common factor of 911 and 177359857?
911
Calculate the highest common factor of 221253671 and 287.
41
What is the greatest common divisor of 7375 and 6523925?
1475
Calculate the highest common divisor of 2512198 and 1495.
299
Calculate the highest common factor of 206775 and 1200.
75
What is the greatest common factor of 413940 and 2580?
60
What is the greatest common divisor of 63232 and 1344421?
247
What is the greatest common divisor of 3451 and 1004105?
17
What is the greatest common factor of 725472054 and 206?
20